{"id":14,"date":"2010-09-28T16:52:48","date_gmt":"2010-09-28T16:52:48","guid":{"rendered":"https:\/\/dansskoli.is\/kara\/"},"modified":"2026-04-29T10:28:28","modified_gmt":"2026-04-29T10:28:28","slug":"heim","status":"publish","type":"page","link":"https:\/\/dansskoli.is\/kara\/","title":{"rendered":"Heim"},"content":{"rendered":"<p>[et_pb_section fb_built=&#8220;1&#8243; custom_padding_last_edited=&#8220;on|desktop&#8220; admin_label=&#8220;Hero Section&#8220; _builder_version=&#8220;4.24.2&#8243; background_color_gradient_direction=&#8220;72deg&#8220; background_color_gradient_start=&#8220;#1bb3eb&#8220; background_color_gradient_end=&#8220;#25efcb&#8220; background_image=&#8220;https:\/\/dansskoli.is\/kara\/wp-content\/uploads\/2022\/01\/Banner.jpg&#8220; background_size=&#8220;contain&#8220; background_position=&#8220;top_center&#8220; width_tablet=&#8220;&#8220; width_phone=&#8220;&#8220; width_last_edited=&#8220;on|phone&#8220; height_tablet=&#8220;&#8220; height_phone=&#8220;200px&#8220; height_last_edited=&#8220;on|phone&#8220; max_height=&#8220;200px&#8220; custom_padding=&#8220;500px|0px|0px|0px|false|false&#8220; custom_padding_tablet=&#8220;500px|0px|0px|0px|false|false&#8220; custom_padding_phone=&#8220;0px||0px||false|false&#8220; global_colors_info=&#8220;{}&#8220;][\/et_pb_section][et_pb_section fb_built=&#8220;1&#8243; admin_label=&#8220;Become a Member Section&#8220; module_id=&#8220;form&#8220; _builder_version=&#8220;4.24.2&#8243; background_color=&#8220;#fafbfc&#8220; custom_margin=&#8220;-88px|||||&#8220; custom_padding=&#8220;7px|0px|18px|0px||&#8220; global_colors_info=&#8220;{}&#8220;][et_pb_row _builder_version=&#8220;4.16&#8243; custom_margin=&#8220;|auto|-48px|auto||&#8220; custom_padding=&#8220;2px||1px|||&#8220; global_colors_info=&#8220;{}&#8220;][et_pb_column type=&#8220;4_4&#8243; _builder_version=&#8220;4.16&#8243; custom_padding=&#8220;|||&#8220; global_colors_info=&#8220;{}&#8220; custom_padding__hover=&#8220;|||&#8220;][et_pb_button button_text=&#8220;Skr\u00e1ning \u00e1 haust\u00f6nn 2026 hefst \u00ed \u00e1g\u00fast&#8220; button_alignment=&#8220;center&#8220; button_alignment_tablet=&#8220;right&#8220; button_alignment_phone=&#8220;right&#8220; button_alignment_last_edited=&#8220;on|phone&#8220; _builder_version=&#8220;4.24.2&#8243; custom_button=&#8220;on&#8220; button_text_size=&#8220;26px&#8220; button_text_color=&#8220;#000000&#8243; button_bg_color=&#8220;#FFFFFF&#8220; button_border_width=&#8220;0px&#8220; button_border_color=&#8220;#FFFFFF&#8220; button_border_radius=&#8220;100px&#8220; button_letter_spacing=&#8220;0px&#8220; button_font=&#8220;Poppins|600||on|||||&#8220; button_use_icon=&#8220;off&#8220; background_layout=&#8220;dark&#8220; custom_margin=&#8220;-80px|25px|||false|false&#8220; custom_margin_tablet=&#8220;-90px|-60px|||false|false&#8220; custom_margin_phone=&#8220;-25px|-30px|||false|false&#8220; custom_margin_last_edited=&#8220;on|phone&#8220; custom_padding=&#8220;0px|10px|0px|10px|false|false&#8220; button_text_size_tablet=&#8220;30px&#8220; button_text_size_phone=&#8220;16px&#8220; button_text_size_last_edited=&#8220;on|phone&#8220; button_text_shadow_style=&#8220;preset1&#8243; box_shadow_style=&#8220;preset1&#8243; button_letter_spacing_hover=&#8220;0&#8243; global_colors_info=&#8220;{}&#8220; button_text_size__hover_enabled=&#8220;off&#8220; button_one_text_size__hover_enabled=&#8220;off&#8220; button_two_text_size__hover_enabled=&#8220;off&#8220; button_text_color__hover_enabled=&#8220;off&#8220; button_one_text_color__hover_enabled=&#8220;off&#8220; button_two_text_color__hover_enabled=&#8220;off&#8220; button_border_width__hover_enabled=&#8220;off&#8220; button_one_border_width__hover_enabled=&#8220;off&#8220; button_two_border_width__hover_enabled=&#8220;off&#8220; button_border_color__hover_enabled=&#8220;off&#8220; button_one_border_color__hover_enabled=&#8220;off&#8220; button_two_border_color__hover_enabled=&#8220;off&#8220; button_border_radius__hover_enabled=&#8220;off&#8220; button_one_border_radius__hover_enabled=&#8220;off&#8220; button_two_border_radius__hover_enabled=&#8220;off&#8220; button_letter_spacing__hover_enabled=&#8220;on|desktop&#8220; button_letter_spacing__hover=&#8220;0px&#8220; button_one_letter_spacing__hover_enabled=&#8220;off&#8220; button_two_letter_spacing__hover_enabled=&#8220;off&#8220; button_bg_color__hover_enabled=&#8220;off&#8220; button_one_bg_color__hover_enabled=&#8220;off&#8220; button_two_bg_color__hover_enabled=&#8220;off&#8220;][\/et_pb_button][\/et_pb_column][\/et_pb_row][et_pb_row _builder_version=&#8220;4.16&#8243; _module_preset=&#8220;default&#8220; custom_margin=&#8220;-3px|auto||auto||&#8220; custom_margin_tablet=&#8220;-3px|auto||auto||&#8220; custom_margin_phone=&#8220;-26px|auto||auto|false|false&#8220; custom_margin_last_edited=&#8220;on|phone&#8220; custom_padding=&#8220;15px||15px||false|false&#8220; module_alignment_tablet=&#8220;&#8220; module_alignment_phone=&#8220;center&#8220; module_alignment_last_edited=&#8220;on|phone&#8220; global_colors_info=&#8220;{}&#8220;][et_pb_column type=&#8220;4_4&#8243; _builder_version=&#8220;4.16&#8243; _module_preset=&#8220;default&#8220; global_colors_info=&#8220;{}&#8220;][et_pb_text _builder_version=&#8220;4.16&#8243; _module_preset=&#8220;default&#8220; text_font=&#8220;|700|||||||&#8220; text_font_size=&#8220;35px&#8220; text_line_height=&#8220;1em&#8220; header_text_align=&#8220;center&#8220; custom_margin=&#8220;17px|||||&#8220; custom_padding=&#8220;0px|||||&#8220; text_font_size_tablet=&#8220;25px&#8220; text_font_size_phone=&#8220;20px&#8220; text_font_size_last_edited=&#8220;on|phone&#8220; header_font_size_tablet=&#8220;&#8220; header_font_size_phone=&#8220;&#8220; header_font_size_last_edited=&#8220;on|phone&#8220; global_colors_info=&#8220;{}&#8220;]<\/p>\n<p style=\"text-align: left;\">DANSN\u00c1MSKEI\u00d0<\/p>\n<p>[\/et_pb_text][\/et_pb_column][\/et_pb_row][et_pb_row column_structure=&#8220;1_3,1_3,1_3&#8243; use_custom_gutter=&#8220;on&#8220; gutter_width=&#8220;2&#8243; column_padding_mobile=&#8220;on&#8220; custom_padding_last_edited=&#8220;on|phone&#8220; _builder_version=&#8220;4.16&#8243; background_size=&#8220;initial&#8220; background_position=&#8220;top_left&#8220; background_repeat=&#8220;repeat&#8220; custom_margin=&#8220;-22px|auto||auto||&#8220; custom_padding=&#8220;|||&#8220; custom_padding_tablet=&#8220;49px|||&#8220; custom_padding_phone=&#8220;19px|||&#8220; global_colors_info=&#8220;{}&#8220;][et_pb_column type=&#8220;1_3&#8243; _builder_version=&#8220;4.16&#8243; custom_padding=&#8220;|||&#8220; global_colors_info=&#8220;{}&#8220; custom_padding__hover=&#8220;|||&#8220;][et_pb_blurb title=&#8220;Barnadansar&#8220; admin_label=&#8220;Class&#8220; _builder_version=&#8220;4.16&#8243; header_font=&#8220;Poppins|600|||||||&#8220; header_text_align=&#8220;center&#8220; header_text_color=&#8220;#486066&#8243; header_font_size=&#8220;18px&#8220; header_line_height=&#8220;1.3em&#8220; body_font=&#8220;Open Sans||||||||&#8220; body_text_align=&#8220;center&#8220; body_text_color=&#8220;#486066&#8243; body_line_height=&#8220;1.8em&#8220; background_color=&#8220;#ffffff&#8220; custom_margin=&#8220;|||&#8220; custom_padding=&#8220;40px|30px|40px|30px&#8220; animation_style=&#8220;fade&#8220; animation=&#8220;off&#8220; border_radii=&#8220;on|6px|6px|6px|6px&#8220; box_shadow_style=&#8220;preset1&#8243; box_shadow_vertical=&#8220;10px&#8220; box_shadow_blur=&#8220;24px&#8220; box_shadow_spread=&#8220;6px&#8220; box_shadow_color=&#8220;rgba(0,0,0,0.06)&#8220; global_colors_info=&#8220;{}&#8220;]<\/p>\n<p><span>B\u00f6rn l\u00e6ra s\u00edgilda barnadansa s.s. Fingrapolka og Sk\u00f3smi\u00f0adansinn svo eitthva\u00f0 s\u00e9 nefnt og fyrstu sporin \u00ed samkv\u00e6misd\u00f6nsum.\u00a0 Auk \u00feess er l\u00f6g\u00f0 \u00e1hersla \u00e1 a\u00f0 \u00feroska samskipti barnanna \u00e1 milli.\u00a0 Kennt er einu sinni \u00ed viku \u00ed 40 m\u00edn\u00fatur \u00ed senn.<\/span><\/p>\n<p>[\/et_pb_blurb][\/et_pb_column][et_pb_column type=&#8220;1_3&#8243; _builder_version=&#8220;4.16&#8243; custom_padding=&#8220;|||&#8220; global_colors_info=&#8220;{}&#8220; custom_padding__hover=&#8220;|||&#8220;][et_pb_blurb title=&#8220;Eldri b\u00f6rn og unglingar&#8220; admin_label=&#8220;Class&#8220; _builder_version=&#8220;4.16&#8243; header_font=&#8220;Poppins|600|||||||&#8220; header_text_align=&#8220;center&#8220; header_text_color=&#8220;#486066&#8243; header_font_size=&#8220;18px&#8220; header_line_height=&#8220;1.3em&#8220; body_font=&#8220;Open Sans||||||||&#8220; body_text_align=&#8220;center&#8220; body_text_color=&#8220;#486066&#8243; body_line_height=&#8220;1.8em&#8220; background_color=&#8220;#ffffff&#8220; custom_margin=&#8220;|||&#8220; custom_padding=&#8220;40px|30px|40px|30px&#8220; animation_style=&#8220;fade&#8220; animation_delay=&#8220;100ms&#8220; animation=&#8220;off&#8220; border_radii=&#8220;on|6px|6px|6px|6px&#8220; box_shadow_style=&#8220;preset1&#8243; box_shadow_vertical=&#8220;10px&#8220; box_shadow_blur=&#8220;24px&#8220; box_shadow_spread=&#8220;6px&#8220; box_shadow_color=&#8220;rgba(0,0,0,0.06)&#8220; global_colors_info=&#8220;{}&#8220;]<\/p>\n<p><span>Hj\u00e1 eldri b\u00f6rnum og unglingum eru kenndir almennir samkv\u00e6misdansar og nokkrir af g\u00f6mlu d\u00f6nsunum.\u00a0 Mest \u00e1hersla er l\u00f6g\u00f0 \u00e1 su\u00f0ur-amer\u00edsku dansana Cha Cha Cha, Jive og Samba.<\/span><\/p>\n<p>&nbsp;<\/p>\n<p><span><\/span><\/p>\n<p>[\/et_pb_blurb][\/et_pb_column][et_pb_column type=&#8220;1_3&#8243; _builder_version=&#8220;4.16&#8243; custom_padding=&#8220;|||&#8220; global_colors_info=&#8220;{}&#8220; custom_padding__hover=&#8220;|||&#8220;][et_pb_blurb title=&#8220;Fullor\u00f0nir&#8220; admin_label=&#8220;Class&#8220; _builder_version=&#8220;4.16&#8243; header_font=&#8220;Poppins|600|||||||&#8220; header_text_align=&#8220;center&#8220; header_text_color=&#8220;#486066&#8243; header_font_size=&#8220;18px&#8220; header_line_height=&#8220;1.3em&#8220; body_font=&#8220;Open Sans||||||||&#8220; body_text_align=&#8220;center&#8220; body_text_color=&#8220;#486066&#8243; body_line_height=&#8220;1.8em&#8220; background_color=&#8220;#ffffff&#8220; custom_margin=&#8220;|||&#8220; custom_padding=&#8220;40px|30px|40px|30px&#8220; animation_style=&#8220;fade&#8220; animation_delay=&#8220;200ms&#8220; animation=&#8220;off&#8220; border_radii=&#8220;on|6px|6px|6px|6px&#8220; box_shadow_style=&#8220;preset1&#8243; box_shadow_vertical=&#8220;10px&#8220; box_shadow_blur=&#8220;24px&#8220; box_shadow_spread=&#8220;6px&#8220; box_shadow_color=&#8220;rgba(0,0,0,0.06)&#8220; global_colors_info=&#8220;{}&#8220;]<\/p>\n<p><span>Fyrir fullor\u00f0na er bo\u00f0i\u00f0 upp \u00e1 n\u00e1mskei\u00f0 \u00ed samkv\u00e6misd\u00f6nsum; su\u00f0ur-amer\u00edskir dansar og Ballroomdansar s.s. Tango, Samba og V\u00ednarvals.\u00a0 Einnig er b\u00e6tt vi\u00f0 sporum \u00ed \u00feeim d\u00f6nsum sem f\u00f3lk kann fyrir. <\/span><span>Kennt er einu sinni \u00ed viku \u00ed 75 m\u00edn\u00fatur \u00ed senn.<\/span><\/p>\n<p>[\/et_pb_blurb][\/et_pb_column][\/et_pb_row][et_pb_row _builder_version=&#8220;4.16&#8243; custom_padding=&#8220;2px|||||&#8220; global_colors_info=&#8220;{}&#8220;][et_pb_column type=&#8220;4_4&#8243; _builder_version=&#8220;4.16&#8243; custom_padding=&#8220;|||&#8220; global_colors_info=&#8220;{}&#8220; custom_padding__hover=&#8220;|||&#8220;][et_pb_button button_url=&#8220;https:\/\/dansskoli.is\/kara\/dansnamskeid\/&#8220; button_text=&#8220;Sj\u00e1 \u00f6ll dansm\u00e1mskei\u00f0in&#8220; button_alignment=&#8220;center&#8220; _builder_version=&#8220;4.16&#8243; custom_button=&#8220;on&#8220; button_text_size=&#8220;14px&#8220; button_text_color=&#8220;#44d89e&#8220; button_border_width=&#8220;2px&#8220; button_border_color=&#8220;#44d89e&#8220; button_border_radius=&#8220;100px&#8220; button_letter_spacing=&#8220;0px&#8220; button_font=&#8220;Poppins|600||on|||||&#8220; button_use_icon=&#8220;off&#8220; background_layout=&#8220;dark&#8220; custom_margin=&#8220;|||&#8220; custom_padding=&#8220;12px|36px|12px|36px&#8220; box_shadow_style=&#8220;preset3&#8243; button_letter_spacing_hover=&#8220;0&#8243; global_colors_info=&#8220;{}&#8220; button_text_size__hover_enabled=&#8220;off&#8220; button_one_text_size__hover_enabled=&#8220;off&#8220; button_two_text_size__hover_enabled=&#8220;off&#8220; button_text_color__hover_enabled=&#8220;off&#8220; button_one_text_color__hover_enabled=&#8220;off&#8220; button_two_text_color__hover_enabled=&#8220;off&#8220; button_border_width__hover_enabled=&#8220;off&#8220; button_one_border_width__hover_enabled=&#8220;off&#8220; button_two_border_width__hover_enabled=&#8220;off&#8220; button_border_color__hover_enabled=&#8220;off&#8220; button_one_border_color__hover_enabled=&#8220;off&#8220; button_two_border_color__hover_enabled=&#8220;off&#8220; button_border_radius__hover_enabled=&#8220;off&#8220; button_one_border_radius__hover_enabled=&#8220;off&#8220; button_two_border_radius__hover_enabled=&#8220;off&#8220; button_letter_spacing__hover_enabled=&#8220;on|desktop&#8220; button_letter_spacing__hover=&#8220;0px&#8220; button_one_letter_spacing__hover_enabled=&#8220;off&#8220; button_two_letter_spacing__hover_enabled=&#8220;off&#8220; button_bg_color__hover_enabled=&#8220;off&#8220; button_one_bg_color__hover_enabled=&#8220;off&#8220; button_two_bg_color__hover_enabled=&#8220;off&#8220;][\/et_pb_button][\/et_pb_column][\/et_pb_row][et_pb_row _builder_version=&#8220;4.16&#8243; _module_preset=&#8220;default&#8220; min_height=&#8220;212px&#8220; global_colors_info=&#8220;{}&#8220;][et_pb_column type=&#8220;4_4&#8243; _builder_version=&#8220;4.16&#8243; _module_preset=&#8220;default&#8220; global_colors_info=&#8220;{}&#8220;][et_pb_image src=&#8220;https:\/\/dansskoli.is\/kara\/wp-content\/uploads\/2022\/01\/supadance-banner-1080.jpg&#8220; title_text=&#8220;supadance-banner-1080&#8243; _builder_version=&#8220;4.16&#8243; _module_preset=&#8220;default&#8220; global_colors_info=&#8220;{}&#8220;][\/et_pb_image][\/et_pb_column][\/et_pb_row][et_pb_row _builder_version=&#8220;4.16&#8243; _module_preset=&#8220;default&#8220; global_colors_info=&#8220;{}&#8220;][et_pb_column type=&#8220;4_4&#8243; _builder_version=&#8220;4.16&#8243; _module_preset=&#8220;default&#8220; global_colors_info=&#8220;{}&#8220;][et_pb_shop type=&#8220;featured&#8220; posts_number=&#8220;8&#8243; _builder_version=&#8220;4.16&#8243; _module_preset=&#8220;default&#8220; global_colors_info=&#8220;{}&#8220;][\/et_pb_shop][\/et_pb_column][\/et_pb_row][et_pb_row _builder_version=&#8220;4.16&#8243; _module_preset=&#8220;default&#8220; custom_padding=&#8220;4px|||||&#8220; global_colors_info=&#8220;{}&#8220;][et_pb_column type=&#8220;4_4&#8243; _builder_version=&#8220;4.16&#8243; _module_preset=&#8220;default&#8220; global_colors_info=&#8220;{}&#8220;][et_pb_divider _builder_version=&#8220;4.16&#8243; _module_preset=&#8220;default&#8220; custom_margin=&#8220;||7px|||&#8220; global_colors_info=&#8220;{}&#8220;][\/et_pb_divider][et_pb_text _builder_version=&#8220;4.16&#8243; _module_preset=&#8220;default&#8220; text_font=&#8220;|700|||||||&#8220; text_font_size=&#8220;35px&#8220; text_font_size_tablet=&#8220;25px&#8220; text_font_size_phone=&#8220;20px&#8220; text_font_size_last_edited=&#8220;on|phone&#8220; global_colors_info=&#8220;{}&#8220;]<\/p>\n<p>UPPL\u00ddSINGAR<\/p>\n<p>[\/et_pb_text][\/et_pb_column][\/et_pb_row][et_pb_row column_structure=&#8220;1_3,1_3,1_3&#8243; _builder_version=&#8220;4.16&#8243; _module_preset=&#8220;default&#8220; custom_padding=&#8220;4px|||||&#8220; global_colors_info=&#8220;{}&#8220;][et_pb_column type=&#8220;1_3&#8243; _builder_version=&#8220;4.16&#8243; _module_preset=&#8220;default&#8220; global_colors_info=&#8220;{}&#8220;][et_pb_cta title=&#8220;Um danssk\u00f3lann&#8220; button_url=&#8220;https:\/\/dansskoli.is\/kara\/dansskolinn\/&#8220; button_text=&#8220;N\u00c1NAR H\u00c9R&#8220; _builder_version=&#8220;4.16&#8243; _module_preset=&#8220;default&#8220; custom_button=&#8220;on&#8220; button_text_size=&#8220;14px&#8220; button_text_color=&#8220;#44d89e&#8220; button_bg_color=&#8220;#FFFFFF&#8220; button_border_radius=&#8220;30px&#8220; animation_style=&#8220;bounce&#8220; box_shadow_style=&#8220;preset3&#8243; global_colors_info=&#8220;{}&#8220;]<\/p>\n<p><span>Danssk\u00f3li\u00a0 K\u00f6ru var stofna\u00f0ur hausti\u00f0 2019 af K\u00f6ru Anrgr\u00edmsd\u00f3ttur.\u00a0 \u00c1\u00f0ur haf\u00f0i h\u00fan reki\u00f0 Danssk\u00f3la J\u00f3ns P\u00e9turs og K\u00f6ru \u00ed f\u00e9lagi vi\u00f0 J\u00f3n P\u00e9tur \u00dalflj\u00f3tsson \u00ed 30 \u00e1r.<\/span><\/p>\n<p>[\/et_pb_cta][\/et_pb_column][et_pb_column type=&#8220;1_3&#8243; _builder_version=&#8220;4.16&#8243; _module_preset=&#8220;default&#8220; global_colors_info=&#8220;{}&#8220;][et_pb_cta title=&#8220;Stundarskr\u00e1&#8220; button_url=&#8220;https:\/\/dansskoli.is\/kara\/dansskolinn\/#stundarskra&#8220; button_text=&#8220;N\u00c1NAR H\u00c9R&#8220; _builder_version=&#8220;4.16&#8243; _module_preset=&#8220;default&#8220; custom_button=&#8220;on&#8220; button_text_size=&#8220;14px&#8220; button_text_color=&#8220;#44d89e&#8220; button_bg_color=&#8220;#FFFFFF&#8220; button_border_radius=&#8220;30px&#8220; button_font=&#8220;|600|||||||&#8220; button_alignment=&#8220;center&#8220; animation_style=&#8220;bounce&#8220; box_shadow_style=&#8220;preset3&#8243; global_colors_info=&#8220;{}&#8220; button_border_color__hover_enabled=&#8220;on|desktop&#8220;]<\/p>\n<p><span>H\u00e9r getur \u00fe\u00fa s\u00e9\u00f0 stundarskr\u00e1nna hj\u00e1 okkur, \u00fea\u00f0 er pl\u00e1ss fyrir fleiri h\u00f3pa \u00ed dagskr\u00e1nni. Ef h\u00f3purinn \u00feinn hefur hug \u00e1 a\u00f0 koma \u00ed t\u00edma til okkar, \u00fe\u00e1 endilega hafi\u00f0 samband vi\u00f0 okkur.<\/span><\/p>\n<p><span><\/span><\/p>\n<p><span><\/span><\/p>\n<p>[\/et_pb_cta][\/et_pb_column][et_pb_column type=&#8220;1_3&#8243; _builder_version=&#8220;4.16&#8243; _module_preset=&#8220;default&#8220; global_colors_info=&#8220;{}&#8220;][et_pb_cta title=&#8220;Ver\u00f0skr\u00e1&#8220; button_url=&#8220;https:\/\/dansskoli.is\/kara\/dansskolinn\/#verdskra&#8220; button_text=&#8220;N\u00c1NAR H\u00c9R&#8220; _builder_version=&#8220;4.16&#8243; _module_preset=&#8220;default&#8220; custom_button=&#8220;on&#8220; button_text_size=&#8220;14px&#8220; button_text_color=&#8220;#44d89e&#8220; button_bg_color=&#8220;#FFFFFF&#8220; button_border_radius=&#8220;30px&#8220; animation_style=&#8220;bounce&#8220; link_option_url=&#8220;#&#8220; box_shadow_style=&#8220;preset3&#8243; global_colors_info=&#8220;{}&#8220;]<\/p>\n<p>Vi\u00f0 kappkostum vi\u00f0 a\u00f0 bj\u00f3\u00f0a sanngj\u00f6rn og samkeppnish\u00e6f ver\u00f0, me\u00f0 afsl\u00e1ttarkj\u00f6rum fyrir fj\u00f6lskyldur og systkini. Eins bj\u00f3\u00f0um vi\u00f0 afsl\u00e1tt til \u00fdmissa s\u00e9rkl\u00fabba og h\u00f3pa, allt eftir n\u00e1nara samkomulagi.<\/p>\n<p>[\/et_pb_cta][\/et_pb_column][\/et_pb_row][et_pb_row _builder_version=&#8220;4.16&#8243; _module_preset=&#8220;default&#8220; custom_padding=&#8220;||6px|||&#8220; global_colors_info=&#8220;{}&#8220;][et_pb_column type=&#8220;4_4&#8243; _builder_version=&#8220;4.16&#8243; _module_preset=&#8220;default&#8220; global_colors_info=&#8220;{}&#8220;][et_pb_divider _builder_version=&#8220;4.16&#8243; _module_preset=&#8220;default&#8220; custom_margin=&#8220;||2px|||&#8220; global_colors_info=&#8220;{}&#8220;][\/et_pb_divider][et_pb_text _builder_version=&#8220;4.16&#8243; _module_preset=&#8220;default&#8220; text_font=&#8220;|700|||||||&#8220; text_font_size=&#8220;35px&#8220; header_text_align=&#8220;center&#8220; text_text_color_tablet=&#8220;&#8220; text_text_color_phone=&#8220;&#8220; text_text_color_last_edited=&#8220;on|tablet&#8220; text_font_size_tablet=&#8220;25px&#8220; text_font_size_phone=&#8220;20px&#8220; text_font_size_last_edited=&#8220;on|phone&#8220; global_colors_info=&#8220;{}&#8220;]<\/p>\n<p style=\"text-align: left;\">KENNARAR<\/p>\n<p>[\/et_pb_text][\/et_pb_column][\/et_pb_row][et_pb_row column_structure=&#8220;1_2,1_2&#8243; _builder_version=&#8220;4.16&#8243; _module_preset=&#8220;default&#8220; global_colors_info=&#8220;{}&#8220;][et_pb_column type=&#8220;1_2&#8243; _builder_version=&#8220;4.16&#8243; _module_preset=&#8220;default&#8220; global_colors_info=&#8220;{}&#8220;][et_pb_team_member name=&#8220;Kara Arngr\u00edmsd\u00f3ttir&#8220; position=&#8220;Danskennari og eigandi&#8220; image_url=&#8220;https:\/\/dansskoli.is\/kara\/wp-content\/uploads\/2022\/01\/400&#215;500-Kara.jpg&#8220; _builder_version=&#8220;4.16&#8243; _module_preset=&#8220;default&#8220; border_radii_image=&#8220;on|5px|5px|5px|5px&#8220; global_colors_info=&#8220;{}&#8220; image_url__hover_enabled=&#8220;on|hover&#8220; image_url__hover=&#8220;https:\/\/dansskoli.is\/kara\/wp-content\/uploads\/2022\/01\/400&#215;500-Kara.jpg&#8220;]<\/p>\n<p><span>Lauk danskennaran\u00e1mi 26. ma\u00ed 1989 fr\u00e1 F\u00cdD. Membership pr\u00f3f \u00ed Standardd\u00f6nsum og S.-amer\u00edskum d\u00f6nsum hj\u00e1 IDTA (International Dance Teachers\u00b4 Assotiation \u00ed ma\u00ed 1999.\u00a0<\/span><\/p>\n<p>[\/et_pb_team_member][\/et_pb_column][et_pb_column type=&#8220;1_2&#8243; _builder_version=&#8220;4.16&#8243; _module_preset=&#8220;default&#8220; global_colors_info=&#8220;{}&#8220;][et_pb_team_member name=&#8220;El\u00edsabet Sif Haraldssd\u00f3ttir&#8220; position=&#8220;Danskennari og deildarstj\u00f3ri latin&#8220; image_url=&#8220;https:\/\/dansskoli.is\/kara\/wp-content\/uploads\/2022\/01\/400&#215;500-Elisabet.jpg&#8220; _builder_version=&#8220;4.16&#8243; _module_preset=&#8220;default&#8220; border_radii_image=&#8220;on|5px|5px|5px|5px&#8220; global_colors_info=&#8220;{}&#8220; image_url__hover_enabled=&#8220;on|hover&#8220; image_url__hover=&#8220;https:\/\/dansskoli.is\/kara\/wp-content\/uploads\/2022\/01\/400&#215;500-Elisabet.jpg&#8220;]<\/p>\n<p><span>H\u00f3f dansn\u00e1m vi\u00f0 Danssk\u00f3la J\u00f3ns P\u00e9turs og K\u00f6ru 1991. Lauk fars\u00e6lum keppnisferli \u00e1ri\u00f0 2005 og lauk \u00fe\u00e1 danskennarapr\u00f3fi. Hefur kennt vi\u00f0 sk\u00f3lann s\u00ed\u00f0an 2015.<\/span><\/p>\n<p>[\/et_pb_team_member][\/et_pb_column][\/et_pb_row][\/et_pb_section]<\/p>\n","protected":false},"excerpt":{"rendered":"<p>DANSN\u00c1MSKEI\u00d0B\u00f6rn l\u00e6ra s\u00edgilda barnadansa s.s. Fingrapolka og Sk\u00f3smi\u00f0adansinn svo eitthva\u00f0 s\u00e9 nefnt og fyrstu sporin \u00ed samkv\u00e6misd\u00f6nsum.\u00a0 Auk \u00feess er l\u00f6g\u00f0 \u00e1hersla \u00e1 a\u00f0 \u00feroska samskipti barnanna \u00e1 milli.\u00a0 Kennt er einu sinni \u00ed viku \u00ed 40 m\u00edn\u00fatur \u00ed senn.Hj\u00e1 eldri b\u00f6rnum og unglingum eru kenndir almennir samkv\u00e6misdansar og nokkrir af g\u00f6mlu d\u00f6nsunum.\u00a0 Mest \u00e1hersla [&hellip;]<\/p>\n","protected":false},"author":1,"featured_media":0,"parent":0,"menu_order":0,"comment_status":"open","ping_status":"open","template":"","meta":{"_et_pb_use_builder":"on","_et_pb_old_content":"","_et_gb_content_width":"","footnotes":""},"aioseo_notices":[],"jetpack_sharing_enabled":true,"_links":{"self":[{"href":"https:\/\/dansskoli.is\/kara\/wp-json\/wp\/v2\/pages\/14"}],"collection":[{"href":"https:\/\/dansskoli.is\/kara\/wp-json\/wp\/v2\/pages"}],"about":[{"href":"https:\/\/dansskoli.is\/kara\/wp-json\/wp\/v2\/types\/page"}],"author":[{"embeddable":true,"href":"https:\/\/dansskoli.is\/kara\/wp-json\/wp\/v2\/users\/1"}],"replies":[{"embeddable":true,"href":"https:\/\/dansskoli.is\/kara\/wp-json\/wp\/v2\/comments?post=14"}],"version-history":[{"count":80,"href":"https:\/\/dansskoli.is\/kara\/wp-json\/wp\/v2\/pages\/14\/revisions"}],"predecessor-version":[{"id":239069,"href":"https:\/\/dansskoli.is\/kara\/wp-json\/wp\/v2\/pages\/14\/revisions\/239069"}],"wp:attachment":[{"href":"https:\/\/dansskoli.is\/kara\/wp-json\/wp\/v2\/media?parent=14"}],"curies":[{"name":"wp","href":"https:\/\/api.w.org\/{rel}","templated":true}]}}